6) to base 16.
19c
-22294 (base 10) to base 13
-a1bc
What is -12203 (base 6) in base 16?
-70b
Convert -1000001010110010 (base 2) to base 16.
-82b2
Convert 6600 (base 7) to base 16.
930
What is -6455 (base 9) in base 2?
-1001010001100
1262 (base 9) to base 11
791
12096 (base 10) to base 11
90a7
463524 (base 7) to base 16
143ee
244313 (base 5) to base 14
3589
Convert -3244 (base 7) to base 12.
-807
-7aab (base 15) to base 4
-12112310
21630 (base 7) to base 2
1010101010100
-1668 (base 9) to base 12
-8a5
-115c7 (base 14) to base 4
-22111023
10202 (base 3) to base 6
245
1000001000 (base 2) to base 5
4040
What is 1020101 (base 3) in base 2?
1110000101
Convert -6a94 (base 11) to base 3.
-110202102
What is -1102012220 (base 3) in base 16?
-6cd5
100231 (base 4) to base 6
4541
What is -5144 (base 8) in base 2?
-101001100100
Convert 997 (base 15) to base 12.
1307
Convert b0e (base 15) to base 2.
100110111001
What is 123 (base 11) in base 5?
1041
What is 8b (base 15) in base 5?
1011
64c6 (base 14) to base 4
10100032
212 (base 3) to base 5
43
-20c4 (base 13) to base 15
-1539
What is 19 (base 12) in base 8?
25
What is 4802 (base 11) in base 3?
22122010
11000111110110 (base 2) to base 15
3bca
Convert 20112121 (base 4) to base 3.
1201220201
What is 1202112011 (base 3) in base 12?
18071
422321 (base 5) to base 9
21281
What is 1551 (base 7) in base 11?
518
b77a (base 15) to base 11
27187
What is -32337 (base 8) in base 2?
-11010011011111
-15 (base 9) to base 15
-e
-2346 (base 8) to base 9
-1643
Convert 13522 (base 6) to base 13.
c86
What is 6682 (base 11) in base 9?
13060
Convert 341 (base 5) to base 13.
75
Convert -127083 (base 9) to base 4.
-102320211
Convert 514 (base 9) to base 4.
12202
What is -1012423 (base 6) in base 14?
-13995
Convert -1372 (base 9) to base 6.
-4445
What is -662 (base 16) in base 7?
-4523
What is -11c8 (base 16) in base 13?
-20c2
1f46 (base 16) to base 9
11875
Convert 65223 (base 7) to base 11.
11220
Convert -461 (base 8) to base 12.
-215
What is 22555 (base 7) in base 5?
141043
What is 30003 (base 7) in base 16?
1c26
65337 (base 8) to base 4
12223133
Convert 4a9 (base 14) to base 6.
4153
1000110100000 (base 2) to base 12
2740
What is 2021 (base 6) in base 15?
1ea
-1c61 (base 14) to base 13
-2487
What is 6162 (base 7) in base 16?
867
Convert -101010011001011 (base 2) to base 7.
-120200
Convert 1481c (base 13) to base 3.
1222010022
1d3 (base 14) to base 2
101111101
What is -10001001111 (base 2) in base 16?
-44f
-421 (base 9) to base 10
-343
What is 1034343 (base 5) in base 2?
100011010110010
What is -4005 (base 6) in base 5?
-11434
Convert -61b8 (base 13) to base 15.
-4002
Convert 201b (base 16) to base 6.
102015
-310313 (base 4) to base 12
-1b5b
Convert -44032 (base 7) to base 14.
-4019
What is -512 (base 14) in base 6?
-4340
What is -3594 (base 11) in base 6?
-33433
Convert -68a (base 14) to base 3.
-1210002
18704 (base 9) to base 5
403324
What is -43353 (base 6) in base 2?
-1011101010101
Convert -31231 (base 11) to base 5.
-2424110
-5125 (base 8) to base 6
-20125
-210112 (base 3) to base 12
-405
What is 3312011 (base 4) in base 11?
10918
-2a0 (base 12) to base 2
-110011000
3014 (base 9) to base 3
10000111
Convert 133124 (base 6) to base 4.
3001030
Convert -5666 (base 13) to base 3.
-121120112
What is 243232 (base 5) in base 13?
4251
What is 22414 (base 7) in base 16?
163f
Convert -42a (base 16) to base 8.
-2052
What is -15 (base 10) in base 14?
-11
Convert 141 (base 8) to base 12.
81
What is 20c (base 14) in base 4?
12110
What is 252240 (base 7) in base 12?
22a53
-11414 (base 5) to base 12
-5b7
Convert 128b0 (base 15) to base 7.
335001
Convert 1e3e (base 15) to base 8.
14670
-635 (base 11) to base 4
-23330
Convert 237 (base 11) to base 8.
432
Convert 4452 (base 16) to base 11.
12160
1ad (base 16) to base 6
1553
-1000001 (base 3) to base 16
-2da
-1210 (base 4) to base 5
-400
110101111 (base 2) to base 12
2bb
Convert -1373 (base 8) to base 12.
-537
Convert 110100000110001 (base 2) to base 4.
12200301
Convert 162 (base 7) to base 8.
135
What is -130a4 (base 13) in base 10?
-35286
Convert -1335221 (base 6) to base 10.
-75037
What is 1b59 (base 12) in base 16?
d35
What is 11112011 (base 3) in base 13?
1669
1155 (base 6) to base 13
191
15064 (base 7) to base 16
1042
-2121231 (base 4) to base 5
-303322
Convert -1000110110 (base 2) to base 8.
-1066
57 (base 15) to base 3
10001
Convert -180 (base 15) to base 6.
-1333
Convert 47167 (base 9) to base 4.
13230001
What is 2775 (base 11) in base 14?
1447
Convert -333220 (base 5) to base 15.
-36e0
What is -233f (base 16) in base 13?
-4151
What is -1a2b (base 13) in base 7?
-14304
Convert 45270 (base 11) to base 2.
10000000000000010
-150 (base 15) to base 16
-12c
Convert -8080 (base 9) to base 11.
-4488
Convert -2101121 (base 3) to base 8.
-3320
-3171 (base 9) to base 15
-a57
1320023 (base 6) to base 14
1c651
-1143 (base 15) to base 16
-e4f
20401 (base 6) to base 13
1327
1070 (base 11) to base 5
21113
What is -35c4 (base 15) in base 11?
-8655
Convert 1c6 (base 13) to base 12.
237
Convert 70bc (base 13) to base 3.
210022100
What is 174 (base 9) in base 13?
b5
What is 714 (base 14) in base 4?
111232
Convert 1d0 (base 15) to base 7.
1140
What is -505 (base 9) in base 2?
-110011010
720 (base 15) to base 8
3105
What is -526 (base 12) in base 9?
-1023
What is -366562 (base 7) in base 6?
-1234554
Convert -43333 (base 7) to base 8.
-25064
cc1 (base 15) to base 11
218a
Convert 1034 (base 8) to base 2.
1000011100
What is -32115 (base 6) in base 10?
-4367
Convert -8241 (base 9) to base 11.
-4593
Convert -4512 (base 6) to base 13.
-62c
Convert -1530 (base 7) to base 11.
-504
Convert 28a (base 16) to base 12.
462
What is -10021202112 (base 3) in base 2?
-1111110011000010
What is -c20 (base 16) in base 11?
-2372
-4054 (base 12) to base 16
-1b40
Convert -183 (base 11) to base 16.
-d4
What is 3901 (base 11) in base 8?
11733
24004 (base 10) to base 9
35831
3022222 (base 4) to base 15
3c9a
Convert -1ac8 (base 15) to base 12.
-3445
34301 (base 5) to base 14
c71
Convert -2253 (base 16) to base 2.
-10001001010011
2034440 (base 5) to base 9
51254
What is ceb (base 16) in base 12?
1ab7
Convert 102200021 (base 3) to base 10.
8512
-246 (base 14) to base 16
-1c6
596 (base 11) to base 5
10320
What is 74db (base 14) in base 7?
112564
1c7 (base 13) to base 10
332
Convert -6535 (base 7) to base 4.
-210121
What is 10010101110 (base 2) in base 12?
83a
Convert -1ec7 (base 15) to base 10.
-6712
What is 66466 (base 9) in base 8?
126134
212102021 (base 3) to base 7
100525
What is -745e (base 15) in base 8?
-60046
Convert 5625 (base 10) to base 11.
4254
-4044 (base 6) to base 8
-1574
What is 864 (base 16) in base 11?
1683
-1101001011 (base 2) to base 3
-1011020
What is -2562 (base 7) in base 5?
-12400
What is -201110021 (base 3) in base 6?
-145354
Convert 2113 (base 7) to base 11.
618
-26 (base 8) to base 6
-34
What is 1000111101011 (base 2) in base 15?
155c
What is 581 (base 9) in base 16?
1de
What is 4606 (base 9) in base 10?
3408
Convert 14d (base 16) to base 10.
333
27741 (base 9) to base 15
58a4
-215 (base 10) to base 2
-11010111
Convert -2112 (base 8) to base 15.
-4d3
What is -10100011011001 (base 2) in base 7?
-42326
-172a7 (base 11) to base 8
-57375
What is 402 (base 12) in base 16?
242
Convert 5015 (base 12) to base 13.
3c2c
Convert 1860 (base 12) to base 8.
5610
What is 16 (base 15) in base 8?
25
-2366 (base 10) to base 2
-100100111110
What is -4700 (base 10) in base 4?
-1021130
10001111011 (base 2) to base 16
47b
Convert 4424 (base 13) to base 12.
55b2
1181 (base 13) to base 16
9a7
What is 43322 (base 6) in base 8?
13502
11011 (base 4) to base 2
101000101
-6218 (base 11) to base 7
-33021
7a8 (base 14) to base 11
1162
What is 3a2 (base 16) in base 9?
1243
What is 548 (base 16) in base 9?
1762
-344342 (base 5) to base 2
-11000010111000
What is 6109 (base 13) in base 12?
7894
What is 388 (base 12) in base 13?
323
What is 17a (base 11) in base 16?
d0
Convert ef7 (base 16) to base 7.
14112
5a17 (base 15) to base 14
6d99
What is 336 (base 7) in base 4?
2232
Convert 926 (base 13) to base 7.
4346
-20431 (base 5) to base 4
-111112
-111110000 (base 2) to base 7
-1306
What is -13453 (base 14) in base 15?
-e120
-3466 (base 7) to base